{"id":195,"date":"2023-04-17T09:43:09","date_gmt":"2023-04-17T08:43:09","guid":{"rendered":"https:\/\/manasul.pt\/?post_type=product&#038;p=195"},"modified":"2025-04-18T22:02:28","modified_gmt":"2025-04-18T21:02:28","slug":"manasul-digest","status":"publish","type":"product","link":"https:\/\/manasul.pt\/index.php\/produto\/manasul-digest\/","title":{"rendered":"Manasul Digest C\u00farcuma"},"content":{"rendered":"<h5>A infus\u00e3o Manasul Digest C\u00farcuma \u00e9 um produto de qualidade:<\/h5>\n<ul>\n<li>Sem gl\u00faten, adequado para cel\u00edacos<\/li>\n<li>Sem a\u00e7\u00facar, adequado para diab\u00e9ticos<\/li>\n<li>Sem lactose, adequado para intolerantes \u00e0 lactose<\/li>\n<li>N\u00e3o geneticamente modificado<\/li>\n<li>Adequado para veganos e vegetarianos<\/li>\n<\/ul>\n<h5>Aviso Legal:<\/h5>\n<ul>\n<li>Este produto n\u00e3o deve ser consumido por crian\u00e7as menores de 12 anos<\/li>\n<li>Em caso de gravidez, consulte o seu m\u00e9dico.<\/li>\n<li>N\u00e3o consumir em caso de alergia a alguma destas plantas.<\/li>\n<li>Este produto n\u00e3o deve ser utilizado como substituto de um regime alimentar equilibrado.<\/li>\n<li>Armazene em local fresco e seco.<\/li>\n<li>Manter fora do alcance das crian\u00e7as.<\/li>\n<\/ul>\n<h5>Em caso de d\u00favida consulte o seu m\u00e9dico ou farmac\u00eautico antes de usar.<\/h5>\n","protected":false},"excerpt":{"rendered":"<div class=\"producto-descripcion\">\n<div class=\"producto-descripcion\">\n<div class=\"producto-descripcion\">\n<div class=\"producto-descripcion\">\n<div class=\"producto-descripcion\">\n<p>Cansado do incha\u00e7o e desconforto abdominal? Tome esta saborosa infus\u00e3o.<\/p>\n<ul>\n<li>Controle de gases<\/li>\n<li>Alivia peso no est\u00f4mago<\/li>\n<li>Combate barriga inchada<\/li>\n<li>Promove o conforto digestivo<\/li>\n<\/ul>\n<\/div>\n<div class=\"producto-ingredientes\">\n<h5>Ingredientes:<\/h5>\n<p>Camomila, anis verde, erva-cidreira e c\u00farcuma.<\/p>\n<p>Com uma combina\u00e7\u00e3o de Anis, Camomila, Erva-cidreira e C\u00farcuma favorece o conforto<br \/>\ndigestivo.<\/p>\n<h5>Uso recomendado:<\/h5>\n<p>Tomar 2 infus\u00f5es ao dia, ap\u00f3s as refei\u00e7\u00f5es ou quando o est\u00f4mago precisar.<\/p>\n<h5>Modo de prepara\u00e7\u00e3o:<\/h5>\n<\/div>\n<div class=\"producto-preparacion\">\n<p>Come\u00e7ar com 1\/2 ch\u00e1vena. Ponha uma saqueta de Manasul em \u00e1gua a ferver, deixe repousar 5 minutos, adoce a seu gosto e desfrute do agrad\u00e1vel sabor.<\/p>\n<p><img decoding=\"async\" class=\"alignnone size-medium wp-image-333\" src=\"https:\/\/manasul.pt\/wp-content\/uploads\/2023\/04\/5-min-100-300x103.png\" alt=\"\" width=\"300\" height=\"103\" srcset=\"https:\/\/manasul.pt\/wp-content\/uploads\/2023\/04\/5-min-100-300x103.png 300w, https:\/\/manasul.pt\/wp-content\/uploads\/2023\/04\/5-min-100.png 454w\" sizes=\"(max-width: 300px) 100vw, 300px\" \/><\/p>\n<\/div>\n<div class=\"producto-precauciones\">\n<p>&nbsp;<\/p>\n<p><strong>Formato:<\/strong> 25 saquetas 1,5 gr<\/p>\n<\/div>\n<\/div>\n<\/div>\n<div class=\"producto-precauciones\">\n<p><strong>C.N.P.:<\/strong> 6526293<\/p>\n<p><img decoding=\"async\" class=\"alignnone size-medium wp-image-191\" src=\"https:\/\/manasul.pt\/wp-content\/uploads\/2023\/04\/logo_stop_stress_manasul-300x43.png\" alt=\"\" width=\"300\" height=\"43\" srcset=\"https:\/\/manasul.pt\/wp-content\/uploads\/2023\/04\/logo_stop_stress_manasul-300x43.png 300w, https:\/\/manasul.pt\/wp-content\/uploads\/2023\/04\/logo_stop_stress_manasul.png 476w\" sizes=\"(max-width: 300px) 100vw, 300px\" \/><\/p>\n<\/div>\n<\/div>\n<\/div>\n","protected":false},"featured_media":196,"template":"","meta":[],"product_brand":[],"product_cat":[17],"product_tag":[32,41,40,31,49,57,33,18,42,20],"class_list":{"0":"post-195","1":"product","2":"type-product","3":"status-publish","4":"has-post-thumbnail","6":"product_cat-infusoes-manasul","7":"product_tag-cha","8":"product_tag-curcuma","9":"product_tag-digest","10":"product_tag-digestivo","11":"product_tag-farmacia","12":"product_tag-farmacias","13":"product_tag-infusao","14":"product_tag-manasul","15":"product_tag-manasul-digest","16":"product_tag-portugal","18":"first","19":"instock","20":"shipping-taxable","21":"product-type-simple"},"_links":{"self":[{"href":"https:\/\/manasul.pt\/index.php\/wp-json\/wp\/v2\/product\/195","targetHints":{"allow":["GET"]}}],"collection":[{"href":"https:\/\/manasul.pt\/index.php\/wp-json\/wp\/v2\/product"}],"about":[{"href":"https:\/\/manasul.pt\/index.php\/wp-json\/wp\/v2\/types\/product"}],"version-history":[{"count":0,"href":"https:\/\/manasul.pt\/index.php\/wp-json\/wp\/v2\/product\/195\/revisions"}],"wp:featuredmedia":[{"embeddable":true,"href":"https:\/\/manasul.pt\/index.php\/wp-json\/wp\/v2\/media\/196"}],"wp:attachment":[{"href":"https:\/\/manasul.pt\/index.php\/wp-json\/wp\/v2\/media?parent=195"}],"wp:term":[{"taxonomy":"product_brand","embeddable":true,"href":"https:\/\/manasul.pt\/index.php\/wp-json\/wp\/v2\/product_brand?post=195"},{"taxonomy":"product_cat","embeddable":true,"href":"https:\/\/manasul.pt\/index.php\/wp-json\/wp\/v2\/product_cat?post=195"},{"taxonomy":"product_tag","embeddable":true,"href":"https:\/\/manasul.pt\/index.php\/wp-json\/wp\/v2\/product_tag?post=195"}],"curies":[{"name":"wp","href":"https:\/\/api.w.org\/{rel}","templated":true}]}}