{"id":158,"date":"2023-04-14T12:42:25","date_gmt":"2023-04-14T11:42:25","guid":{"rendered":"https:\/\/manasul.pt\/?post_type=product&#038;p=158"},"modified":"2025-04-13T03:26:57","modified_gmt":"2025-04-13T02:26:57","slug":"manasul-detox-bio","status":"publish","type":"product","link":"https:\/\/manasul.pt\/index.php\/produto\/manasul-detox-bio\/","title":{"rendered":"Manasul Detox"},"content":{"rendered":"<h5>A infus\u00e3o Manasul Detox\u00a0 \u00e9 um produto de qualidade:<\/h5>\n<ul>\n<li>Sem gl\u00faten, adequado para cel\u00edacos<\/li>\n<li>Sem a\u00e7\u00facar, adequado para diab\u00e9ticos<\/li>\n<li>Sem lactose, adequado para intolerantes \u00e0 lactose<\/li>\n<li>N\u00e3o geneticamente modificado<\/li>\n<li>Adequado para veganos e vegetarianos<\/li>\n<\/ul>\n<h5>Aviso Legal:<\/h5>\n<ul>\n<li>Este produto n\u00e3o deve ser consumido por pessoas com hipersensibilidade aos salicilatos.<\/li>\n<li>Consulte o seu m\u00e9dico ou farmac\u00eautico em caso de uso simult\u00e2neo com anticoagulantes.<\/li>\n<li>N\u00e3o deve ser consumido por crian\u00e7as ou adolescentes menores de 18 anos.<\/li>\n<li>N\u00e3o exceder a dose di\u00e1ria recomendada.<\/li>\n<li>N\u00e3o consumir em caso de alergia a alguma destas plantas.<\/li>\n<li>Este produto n\u00e3o deve ser utilizado como substituto de um regime alimentar equilibrado.<\/li>\n<li>Armazene em local fresco e seco.<\/li>\n<li>Manter fora do alcance das crian\u00e7as.<\/li>\n<\/ul>\n<h5>Em caso de d\u00favida consulte o seu m\u00e9dico ou farmac\u00eautico antes de usar.<\/h5>\n<p>&nbsp;<\/p>\n","protected":false},"excerpt":{"rendered":"<div class=\"producto-descripcion\"><\/div>\n<div class=\"producto-precauciones\">\n<p>Infus\u00e3o para limpar o organismo das toxinas<\/p>\n<ul>\n<li>Protege dos radicais livres<\/li>\n<li>Regula o funcionamento normal do f\u00edgado<\/li>\n<li>Refor\u00e7a o sistema imunit\u00e1rio<\/li>\n<li>A\u00e7\u00e3o desintoxicante<\/li>\n<\/ul>\n<div class=\"producto-preparacion\">\n<div class=\"producto-ingredientes\">\n<h5>Ingredientes de cultivo biol\u00f3gico:<\/h5>\n<p>Cavalinha, ch\u00e1 verde, erva-cidreira, ulm\u00e1ria, alecrim e alca\u00e7uz.<\/p>\n<p>O ch\u00e1 verde cont\u00e9m antioxidantes protegem dos radicais livre que causam danos nas<br \/>\nc\u00e9lulas do corpo. A Cavalinha e o Alecrim ajudam a manter o normal funcionamento do<br \/>\nf\u00edgado protegendo-o de subst\u00e2ncias t\u00f3xicas e Ulm\u00e1ria que refor\u00e7a o sistema imunol\u00f3gico.<\/p>\n<h5>Uso recomendado:<\/h5>\n<p>Tomar 2-3 infus\u00f5es por dia.<\/p>\n<h5>Modo de prepara\u00e7\u00e3o:<\/h5>\n<\/div>\n<div class=\"producto-preparacion\">\n<p>Come\u00e7ar com 1\/2 ch\u00e1vena. Ponha uma saqueta de Manasul em \u00e1gua a ferver, deixe repousar 5 minutos, adoce a seu gosto e desfrute do agrad\u00e1vel sabor.<\/p>\n<p><img decoding=\"async\" class=\"alignnone size-medium wp-image-333\" src=\"https:\/\/manasul.pt\/wp-content\/uploads\/2023\/04\/5-min-100-300x103.png\" alt=\"\" width=\"300\" height=\"103\" srcset=\"https:\/\/manasul.pt\/wp-content\/uploads\/2023\/04\/5-min-100-300x103.png 300w, https:\/\/manasul.pt\/wp-content\/uploads\/2023\/04\/5-min-100.png 454w\" sizes=\"(max-width: 300px) 100vw, 300px\" \/><\/p>\n<\/div>\n<div class=\"producto-precauciones\">\n<p>&nbsp;<\/p>\n<\/div>\n<\/div>\n<p><strong>Formato:<\/strong>\u00a025 saquetas 1,5 gr<\/p>\n<p><strong>C.N.P.:<\/strong> 6526277<\/p>\n<p><img decoding=\"async\" class=\"alignnone size-medium wp-image-180\" src=\"https:\/\/manasul.pt\/wp-content\/uploads\/2023\/04\/logos_manasul-300x48.png\" alt=\"\" width=\"300\" height=\"48\" srcset=\"https:\/\/manasul.pt\/wp-content\/uploads\/2023\/04\/logos_manasul-300x48.png 300w, https:\/\/manasul.pt\/wp-content\/uploads\/2023\/04\/logos_manasul.png 456w\" sizes=\"(max-width: 300px) 100vw, 300px\" \/><\/p>\n<p>&nbsp;<\/p>\n<\/div>\n","protected":false},"featured_media":159,"template":"","meta":[],"product_brand":[],"product_cat":[17],"product_tag":[26,54,55,25,49,18,20,53],"class_list":{"0":"post-158","1":"product","2":"type-product","3":"status-publish","4":"has-post-thumbnail","6":"product_cat-infusoes-manasul","7":"product_tag-antioxidantes","8":"product_tag-bio","9":"product_tag-biologico","10":"product_tag-detox","11":"product_tag-farmacia","12":"product_tag-manasul","13":"product_tag-portugal","14":"product_tag-slim","16":"first","17":"instock","18":"shipping-taxable","19":"product-type-simple"},"_links":{"self":[{"href":"https:\/\/manasul.pt\/index.php\/wp-json\/wp\/v2\/product\/158","targetHints":{"allow":["GET"]}}],"collection":[{"href":"https:\/\/manasul.pt\/index.php\/wp-json\/wp\/v2\/product"}],"about":[{"href":"https:\/\/manasul.pt\/index.php\/wp-json\/wp\/v2\/types\/product"}],"version-history":[{"count":0,"href":"https:\/\/manasul.pt\/index.php\/wp-json\/wp\/v2\/product\/158\/revisions"}],"wp:featuredmedia":[{"embeddable":true,"href":"https:\/\/manasul.pt\/index.php\/wp-json\/wp\/v2\/media\/159"}],"wp:attachment":[{"href":"https:\/\/manasul.pt\/index.php\/wp-json\/wp\/v2\/media?parent=158"}],"wp:term":[{"taxonomy":"product_brand","embeddable":true,"href":"https:\/\/manasul.pt\/index.php\/wp-json\/wp\/v2\/product_brand?post=158"},{"taxonomy":"product_cat","embeddable":true,"href":"https:\/\/manasul.pt\/index.php\/wp-json\/wp\/v2\/product_cat?post=158"},{"taxonomy":"product_tag","embeddable":true,"href":"https:\/\/manasul.pt\/index.php\/wp-json\/wp\/v2\/product_tag?post=158"}],"curies":[{"name":"wp","href":"https:\/\/api.w.org\/{rel}","templated":true}]}}