{"id":150,"date":"2023-04-14T12:37:23","date_gmt":"2023-04-14T11:37:23","guid":{"rendered":"https:\/\/manasul.pt\/?post_type=product&#038;p=150"},"modified":"2025-05-19T20:59:19","modified_gmt":"2025-05-19T19:59:19","slug":"manasul-classic","status":"publish","type":"product","link":"https:\/\/manasul.pt\/index.php\/produto\/manasul-classic\/","title":{"rendered":"Manasul Classic"},"content":{"rendered":"<h5>A infus\u00e3o Manasul Classic \u00e9 um produto de qualidade:<\/h5>\n<ul>\n<li>Sem gl\u00faten, adequado para cel\u00edacos<\/li>\n<li>Sem a\u00e7\u00facar, adequado para diab\u00e9ticos<\/li>\n<li>Sem lactose, adequado para intolerantes \u00e0 lactose<\/li>\n<li>N\u00e3o geneticamente modificado<\/li>\n<li>Adequado para veganos e vegetarianos<\/li>\n<\/ul>\n<h5>Aviso Legal:<\/h5>\n<ul>\n<li>Este produto n\u00e3o deve ser consumido por crian\u00e7as menores de 12 anos, gestantes ou pessoas com problemas gastrointestinais.<\/li>\n<li>A sua utiliza\u00e7\u00e3o n\u00e3o se destina ao tratamento da obstipa\u00e7\u00e3o cr\u00f3nica, consulte o seu m\u00e9dico se o problema persistir.<\/li>\n<li>N\u00e3o consumir em caso de alergia a alguma destas plantas.<\/li>\n<li>N\u00e3o exceder a dose di\u00e1ria recomendada.<\/li>\n<li>Este produto n\u00e3o deve ser utilizado como substituto de um regime alimentar equilibrado.<\/li>\n<li>Armazene em local fresco e seco.<\/li>\n<li>Manter fora do alcance das crian\u00e7as.<\/li>\n<\/ul>\n<h5>Em caso de d\u00favida consulte o seu m\u00e9dico ou farmac\u00eautico antes de usar.<\/h5>\n<p>&nbsp;<\/p>\n","protected":false},"excerpt":{"rendered":"<div class=\"producto-descripcion\">\n<p>Infus\u00e3o que estimula a atividade natural do corpo.<\/p>\n<ul>\n<li>Ajuda a regular o funcionamento intestinal<\/li>\n<li>Combate eficaz a obstipa\u00e7\u00e3o<\/li>\n<li>Elimina os excesso do organismo<\/li>\n<li>Melhora o funcionamento do sistema digestivo<\/li>\n<li>Regula a flora intestinal, eliminando os excessos<\/li>\n<li>Ideal para a perda de peso<\/li>\n<\/ul>\n<\/div>\n<div class=\"producto-ingredientes\">\n<h5>Ingredientes:<\/h5>\n<p>Sene, hortel\u00e3, erva-cidreira, alca\u00e7uz e anis verde<\/p>\n<p>Sene \u00e9 usado para regular o funcionamento intestinal e eliminar os excessos do organismo.<\/p>\n<h5>Uso recomendado:<\/h5>\n<p>Tome 1 ch\u00e1vena por dia, de prefer\u00eancia antes de deitar.<\/p>\n<h5>Modo de prepara\u00e7\u00e3o:<\/h5>\n<\/div>\n<div class=\"producto-preparacion\">\n<p>Come\u00e7ar com 1\/2 ch\u00e1vena. Ponha uma saqueta de Manasul em \u00e1gua a ferver, deixe repousar 5 minutos, adoce a seu gosto e desfrute do agrad\u00e1vel sabor.<\/p>\n<p><img decoding=\"async\" class=\"alignnone size-medium wp-image-333\" src=\"https:\/\/manasul.pt\/wp-content\/uploads\/2023\/04\/5-min-100-300x103.png\" alt=\"\" width=\"300\" height=\"103\" srcset=\"https:\/\/manasul.pt\/wp-content\/uploads\/2023\/04\/5-min-100-300x103.png 300w, https:\/\/manasul.pt\/wp-content\/uploads\/2023\/04\/5-min-100.png 454w\" sizes=\"(max-width: 300px) 100vw, 300px\" \/><\/p>\n<\/div>\n<div class=\"producto-precauciones\">\n<p>&nbsp;<\/p>\n<p><img decoding=\"async\" class=\"alignnone size-medium wp-image-191\" src=\"https:\/\/manasul.pt\/wp-content\/uploads\/2023\/04\/logo_stop_stress_manasul-300x43.png\" alt=\"\" width=\"300\" height=\"43\" srcset=\"https:\/\/manasul.pt\/wp-content\/uploads\/2023\/04\/logo_stop_stress_manasul-300x43.png 300w, https:\/\/manasul.pt\/wp-content\/uploads\/2023\/04\/logo_stop_stress_manasul.png 476w\" sizes=\"(max-width: 300px) 100vw, 300px\" \/><\/p>\n<\/div>\n","protected":false},"featured_media":155,"template":"","meta":[],"product_brand":[],"product_cat":[17],"product_tag":[43,45,44,49,48,18,46,20,47],"class_list":{"0":"post-150","1":"product","2":"type-product","3":"status-publish","4":"has-post-thumbnail","6":"product_cat-infusoes-manasul","7":"product_tag-cha-manasul","8":"product_tag-classic","9":"product_tag-classico","10":"product_tag-farmacia","11":"product_tag-laxante","12":"product_tag-manasul","13":"product_tag-obtipacao","14":"product_tag-portugal","15":"product_tag-prisao-de-ventre","17":"first","18":"instock","19":"shipping-taxable","20":"product-type-variable"},"_links":{"self":[{"href":"https:\/\/manasul.pt\/index.php\/wp-json\/wp\/v2\/product\/150","targetHints":{"allow":["GET"]}}],"collection":[{"href":"https:\/\/manasul.pt\/index.php\/wp-json\/wp\/v2\/product"}],"about":[{"href":"https:\/\/manasul.pt\/index.php\/wp-json\/wp\/v2\/types\/product"}],"version-history":[{"count":0,"href":"https:\/\/manasul.pt\/index.php\/wp-json\/wp\/v2\/product\/150\/revisions"}],"wp:featuredmedia":[{"embeddable":true,"href":"https:\/\/manasul.pt\/index.php\/wp-json\/wp\/v2\/media\/155"}],"wp:attachment":[{"href":"https:\/\/manasul.pt\/index.php\/wp-json\/wp\/v2\/media?parent=150"}],"wp:term":[{"taxonomy":"product_brand","embeddable":true,"href":"https:\/\/manasul.pt\/index.php\/wp-json\/wp\/v2\/product_brand?post=150"},{"taxonomy":"product_cat","embeddable":true,"href":"https:\/\/manasul.pt\/index.php\/wp-json\/wp\/v2\/product_cat?post=150"},{"taxonomy":"product_tag","embeddable":true,"href":"https:\/\/manasul.pt\/index.php\/wp-json\/wp\/v2\/product_tag?post=150"}],"curies":[{"name":"wp","href":"https:\/\/api.w.org\/{rel}","templated":true}]}}

<h5>A infusão Manasul Classic é um produto de qualidade:</h5>
<ul>
<li>Sem glúten, adequado para celíacos</li>
<li>Sem açúcar, adequado para diabéticos</li>
<li>Sem lactose, adequado para intolerantes à lactose</li>
<li>Não geneticamente modificado</li>
<li>Adequado para veganos e vegetarianos</li>
</ul>
<h5>Aviso Legal:</h5>
<ul>
<li>Este produto não deve ser consumido por crianças menores de 12 anos, gestantes ou pessoas com problemas gastrointestinais.</li>
<li>A sua utilização não se destina ao tratamento da obstipação crónica, consulte o seu médico se o problema persistir.</li>
<li>Não consumir em caso de alergia a alguma destas plantas.</li>
<li>Não exceder a dose diária recomendada.</li>
<li>Este produto não deve ser utilizado como substituto de um regime alimentar equilibrado.</li>
<li>Armazene em local fresco e seco.</li>
<li>Manter fora do alcance das crianças.</li>
</ul>
<h5>Em caso de dúvida consulte o seu médico ou farmacêutico antes de usar.</h5>
<p>&nbsp;</p>

<div class="producto-descripcion">
<p>Infusão que estimula a atividade natural do corpo.</p>
<ul>
<li>Ajuda a regular o funcionamento intestinal</li>
<li>Combate eficaz a obstipação</li>
<li>Elimina os excesso do organismo</li>
<li>Melhora o funcionamento do sistema digestivo</li>
<li>Regula a flora intestinal, eliminando os excessos</li>
<li>Ideal para a perda de peso</li>
</ul>
</div>
<div class="producto-ingredientes">
<h5>Ingredientes:</h5>
<p>Sene, hortelã, erva-cidreira, alcaçuz e anis verde</p>
<p>Sene é usado para regular o funcionamento intestinal e eliminar os excessos do organismo.</p>
<h5>Uso recomendado:</h5>
<p>Tome 1 chávena por dia, de preferência antes de deitar.</p>
<h5>Modo de preparação:</h5>
</div>
<div class="producto-preparacion">
<p>Começar com 1/2 chávena. Ponha uma saqueta de Manasul em água a ferver, deixe repousar 5 minutos, adoce a seu gosto e desfrute do agradável sabor.</p>
<p><img decoding="async" class="alignnone size-medium wp-image-333" src="https://manasul.pt/wp-content/uploads/2023/04/5-min-100-300x103.png" alt="" width="300" height="103" srcset="https://manasul.pt/wp-content/uploads/2023/04/5-min-100-300x103.png 300w, https://manasul.pt/wp-content/uploads/2023/04/5-min-100.png 454w" sizes="(max-width: 300px) 100vw, 300px" /></p>
</div>
<div class="producto-precauciones">
<p>&nbsp;</p>
<p><img decoding="async" class="alignnone size-medium wp-image-191" src="https://manasul.pt/wp-content/uploads/2023/04/logo_stop_stress_manasul-300x43.png" alt="" width="300" height="43" srcset="https://manasul.pt/wp-content/uploads/2023/04/logo_stop_stress_manasul-300x43.png 300w, https://manasul.pt/wp-content/uploads/2023/04/logo_stop_stress_manasul.png 476w" sizes="(max-width: 300px) 100vw, 300px" /></p>
</div>
